?
1
Suppose -5*m - 3*d = -120, 5 + 43 = 2*m + d. What is the remainder when 41 is divided by m?
17
Suppose 2*o - 7 - 19 = 0. What is the remainder when o is divided by 7?
6
Let a be (9/6)/((-3)/(-28)). Suppose 10*z - a*z + 28 = 0. Calculate the remainder when 25 is divided by z.
4
Let j(b) = b**2 + 6*b - 5. Let v be j(-7). Calculate the remainder when 12/(-2)*1/(-3) is divided by (v + -1)/1 - 0.
0
Calculate the remainder when 16 is divided by (2/4)/(6/72).
4
Calculate the remainder when 13 is divided by (-3 - -5)*15/6.
3
Let s = -113 + 75. Let n = 75 + s. What is the remainder when n is divided by 19?
18
Let r(o) = 3*o**2 - 2*o + 2. Calculate the remainder when 7 is divided by r(1).
1
Let s = 36 - 12. Let b(m) = 15*m - 1. Let j be b(1). Let g = s - j. What is the remainder when g is divided by 4?
2
What is the remainder when 61 is divided by 2 + -6 - (-24 + 4)?
13
Suppose -4*v + 2*a = -44 - 616, 0 = v + 5*a - 165. What is the remainder when v is divided by 14?
11
Let b = 102 + -97. Calculate the remainder when 9 is divided by b.
4
Let q = -3 + 5. Suppose r = -4*o + 5, o + q = -o. What is the remainder when 17 is divided by r?
8
Suppose 0*n + 14 = g + 4*n, -5*g = 4*n - 22. Let j(x) = 21*x - 3. What is the remainder when j(g) is divided by 10?
9
Let k = -17 - -31. Calculate the remainder when k is divided by 4.
2
Let g(s) = s - 13*s - 1 + 3*s - 2. What is the remainder when g(-4) is divided by 17?
16
Calculate the remainder when (3 - -1)*(30/4 + 0) is divided by 12.
6
Let z = -4 + 5. Suppose 2*s = 5*b - 10, z + 2 = 3*s - 3*b. Let q(a) = -a**3 + 2*a**2 + 5*a - 2. What is the remainder when s is divided by q(3)?
1
Suppose 58 = 5*a - 3*y, 3*a = -4*y + 53 + 5. Calculate the remainder when a is divided by 4.
2
Let s be 65 + (2 - 2)/(-3). Suppose 19*b - s = 14*b. Calculate the remainder when ((-37)/(-2))/((-1)/(-2)) is divided by b.
11
Let d be (1 - -66)/((-3)/(-3)). Let w = d + -18. Calculate the remainder when w is divided by ((-2)/4)/((-8)/272).
15
Suppose -48 = 20*j - 448. Calculate the remainder when j is divided by 15.
5
Let w = 38 - -39. What is the remainder when w is divided by 27?
23
Suppose -3*p = -8*p - 15. Suppose 2*z - 112 = 2*u, 8 - 70 = -z + 4*u. Calculate the remainder when z is divided by 2/p + (-44)/(-3).
12
Let y = 215 + -137. Calculate the remainder when y is divided by 20.
18
Let f(i) = -i**2 - 5*i + 3. Let m be f(-4). Let p(a) = a**3 - 6*a**2 - 3*a + 1. Calculate the remainder when p(m) is divided by 16.
13
Let o = -117 - -172. Calculate the remainder when o is divided by 19.
17
Let i = 31 + 10. Suppose i = -5*c + 6*c. What is the remainder when c is divided by 11?
8
Suppose -3*b + 4*x + 60 = 0, x - 40 = -2*b + 5*x. What is the remainder when 118 is divided by b?
18
Let t = 11 - -23. Calculate the remainder when t is divided by 5.
4
Let v(j) = -37*j + 6. Calculate the remainder when v(-2) is divided by 29.
22
Let h be 3/(2 - -1)*-4. Let z(f) = -f**3 - 4*f**2 - f + 4. Suppose -3 = 2*q - 3*q. Calculate the remainder when z(h) is divided by q.
2
Suppose -2*q = 4*k - 133 - 53, 4*k + 395 = 5*q. Calculate the remainder when q is divided by 24.
11
Let k(r) = r + 11. Let m(n) = 6. Let b(h) = 4*k(h) - 7*m(h). What is the remainder when 54 is divided by b(3)?
12
Suppose 4*t + u = 7, -5*u = 2*t - u + 14. Suppose -2 - t = -y, -2*y + 64 = o. Calculate the remainder when o is divided by 14.
12
Let i = 0 - -7. Suppose b = 2*f + 5*b + 58, 3*b + 33 = -f. What is the remainder when (-111)/f - 2/i is divided by 2?
1
Let p be 60*(-3 - -1)/4. Let s = p + 69. Calculate the remainder when s is divided by 14.
11
Suppose 9*m = 4*m - 3*a, 5*m = 3*a. Let c(q) = -q + 2. Let f = 4 + -2. Calculate the remainder when f is divided by c(m).
0
Let i(s) = -2*s + 8. Let r be i(-6). Let n = 29 - r. Calculate the remainder when 15 is divided by 0 + -1 + n + -4.
3
Let q(c) = -2*c + c - 2 - c**2 + 10*c. Calculate the remainder when 58 is divided by q(7).
10
Suppose 4*f - 3*f = 2. What is the remainder when 18 is divided by (3/9)/(f/30)?
3
Suppose -3*y = 5*i - 68, -4*i - i = -4*y - 96. Calculate the remainder when 29*(-3)/6*-2 is divided by i.
13
Let l be ((2 - 12)*-1)/(-2). Let g(a) = 5*a + 1. Calculate the remainder when (l/2)/(-5)*122 is divided by g(3).
13
Let j(w) = -w**2 + 9*w - 11. Let v be j(8). Let z = 4 - v. Let p(d) = 2*d**2 - 9*d - 3. What is the remainder when p(z) is divided by 17?
15
Let b(r) = 2*r - 2*r - 31*r**3. Let y be b(1). Let a = y + 57. Calculate the remainder when a is divided by 9.
8
Let g be (-6)/(-9)*(-2 - -5). Let a = 1 + g. Calculate the remainder when (-2)/((9/12)/(-4 - -1)) is divided by a.
2
Suppose -4*n - 74 + 204 = -2*c, 0 = 3*n + 4*c - 81. Suppose s + 6 = n. Let b = -12 + 25. What is the remainder when s is divided by b?
12
Let q(a) = -a**3 - 9*a**2 - a + 3. Calculate the remainder when q(-10) is divided by 29.
26
Suppose 2 = -4*k + 14. Suppose k*t = 12, 0 = -4*q + q - 3*t + 99. What is the remainder when q is divided by 16?
13
Suppose -q + 20 = q. Suppose -q = -5*h + o, h + 4*h - 40 = -5*o. What is the remainder when h is divided by 1?
0
Suppose 2*y - 30 = -2*w, -2*w = -5*w - 2*y + 42. Suppose -2*k - 2*k + w = 0. What is the remainder when 5 is divided by k?
2
Let r be 2 + -4 + 0 + -44. Let g(x) = -10*x - 4. What is the remainder when g(-3) is divided by (-1)/5 - r/5?
8
What is the remainder when 53 is divided by -1*(-2 + 1 + -1 - 3)?
3
Let y = -67 - -90. Calculate the remainder when 65 is divided by y.
19
Let p(d) be the first derivative of 3*d**2/2 - 6*d + 1. Suppose 80 = 4*t + 12. Calculate the remainder when t is divided by p(5).
8
Suppose l = -l. What is the remainder when (-4 - -3) + (l - -20) is divided by 11?
8
Let y(g) = g**3 - 8*g**2 + 6*g + 8. Let n be y(7). Let f = 1 - n. Suppose 0 = -a + 16 - f. What is the remainder when a is divided by 9?
7
Let i(y) = 7*y + 0*y + 10 - 8*y. What is the remainder when 58 is divided by i(-5)?
13
Let m be 0 - (-1)/(1/(-1)). Let q = 1 - m. What is the remainder when 28 is divided by -2 + 1 + q + 14?
13
Let i(p) = -14*p**3 + 2*p + 2. What is the remainder when 38 is divided by i(-1)?
10
Suppose 4*d = -2*l + 86, 0 = -d + 3*d - 4. Calculate the remainder when 75 is divided by l.
36
Let k be 4/6 + (-13)/(-3). Suppose k*j - 4*f = 59, 4*j = 3*j + 4*f - 1. Calculate the remainder when (8/6)/((-2)/(-66)) is divided by j.
14
Let t = 4 + -2. Suppose -5 = -u, 4*w + 19 = t*u + 137. Let z = -23 + w. What is the remainder when 17 is divided by z?
8
Calculate the remainder when (5 - -47)/((-2)/(-4)) is divided by 27.
23
Let o(d) = -d**3 - 6*d**2 - 6*d - 7. Calculate the remainder when o(-6) is divided by (32/10)/(59/295).
13
Suppose 25 = 3*f - 2*p - 35, 5*p + 87 = 4*f. Calculate the remainder when 32 is divided by f.
14
Suppose 0*x + 21 = f - 3*x, 0 = 5*f + 4*x - 200. Calculate the remainder when 177 is divided by f.
33
Let k be 2/(-2)*(0 - 3). Suppose b + 13 - k = 3*s, b = 4*s - 14. Suppose 185 = 3*u + b*u. Calculate the remainder when u is divided by 19.
18
Suppose r = -r - 2. Let k = 2 + r. What is the remainder when 3 is divided by k?
0
Let d be 0/2 - (1 + -6). Suppose d*w - 6*w = -9. What is the remainder when 26 is divided by w?
8
Let l(m) = -8*m - 3. Let v be l(-3). Suppose v - 6 = c. Calculate the remainder when 27 is divided by c.
12
Let g = -3 - -5. Let d(r) = -2*r - 10. What is the remainder when 2 - (4 - g) - -2 is divided by d(-6)?
0
Let w be (33 - 1)/2*3. Suppose -h - 2*g - 15 = -w, -3*h - 5*g = -100. Suppose -a = 4*a - h. Calculate the remainder when 20 is divided by a.
6
Let u(z) = 4*z. Let q be u(2). Suppose -5*c + 3 = q. What is the remainder when 25 is divided by (c + 1 - 2) + 11?
7
Let t be (-4 - -2) + 14/(-1). Let f = t - -28. What is the remainder when 33 is divided by f?
9
Suppose -l - 2*l + 21 = 0. Calculate the remainder when (39 + 1)/(-5 + 7) is divided by l.
6
Suppose -44 = -2*z - 18. Let r = z - 5. Let p = -274 - -279. Calculate the remainder when r is divided by p.
3
Suppose -48 = -2*k - 4*a, -3*k + 88 = -k - 4*a. What is the remainder when k is divided by 12?
10
Let h = 33 + 17. Calculate the remainder when h is divided by (-5 - (-25 + 3))*1.
16
Let c be (1*-2)/((-6)/228). Suppose -2*p - c = -6*p. What is the remainder when 75 is divided by p?
18
Suppose s + s + 27 = 5*